
List the prime factors of 4791.
3, 1597
List the prime factors of 644.
2, 7, 23
List the prime factors of 3964.
2, 991
What are the prime factors of 657?
3, 73
List the prime factors of 9586.
2, 4793
What are the prime factors of 124185?
3, 5, 17, 487
List the prime factors of 82.
2, 41
What are the prime factors of 7381?
11, 61
List the prime factors of 500.
2, 5
List the prime factors of 71315.
5, 17, 839
What are the prime factors of 831?
3, 277
List the prime factors of 31381.
7, 4483
List the prime factors of 29415.
3, 5, 37, 53
List the prime factors of 6284.
2, 1571
List the prime factors of 1900.
2, 5, 19
List the prime factors of 837.
3, 31
List the prime factors of 2364.
2, 3, 197
What are the prime factors of 96601?
96601
What are the prime factors of 2634?
2, 3, 439
List the prime factors of 746.
2, 373
List the prime factors of 2860.
2, 5, 11, 13
List the prime factors of 148.
2, 37
List the prime factors of 132.
2, 3, 11
List the prime factors of 4989.
3, 1663
What are the prime factors of 1237?
1237
What are the prime factors of 1799?
7, 257
List the prime factors of 172396.
2, 7, 47, 131
List the prime factors of 14589.
3, 1621
What are the prime factors of 1331?
11
List the prime factors of 14122.
2, 23, 307
List the prime factors of 15199.
15199
List the prime factors of 20440.
2, 5, 7, 73
List the prime factors of 26693.
26693
What are the prime factors of 876?
2, 3, 73
List the prime factors of 1005.
3, 5, 67
List the prime factors of 8349.
3, 11, 23
What are the prime factors of 11580?
2, 3, 5, 193
What are the prime factors of 48488?
2, 11, 19, 29
List the prime factors of 4490.
2, 5, 449
List the prime factors of 11893.
7, 1699
List the prime factors of 1053.
3, 13
What are the prime factors of 12648?
2, 3, 17, 31
What are the prime factors of 2079?
3, 7, 11
List the prime factors of 10571.
11, 31
What are the prime factors of 15636?
2, 3, 1303
List the prime factors of 169241.
169241
What are the prime factors of 13815?
3, 5, 307
List the prime factors of 24654.
2, 3, 7, 587
What are the prime factors of 43054?
2, 11, 19, 103
List the prime factors of 835.
5, 167
What are the prime factors of 1032?
2, 3, 43
List the prime factors of 1007.
19, 53
What are the prime factors of 1163?
1163
What are the prime factors of 6805?
5, 1361
What are the prime factors of 180128?
2, 13, 433
What are the prime factors of 453?
3, 151
List the prime factors of 23628.
2, 3, 11, 179
What are the prime factors of 21184?
2, 331
What are the prime factors of 12997?
41, 317
List the prime factors of 31445.
5, 19, 331
List the prime factors of 45887.
45887
List the prime factors of 30514.
2, 11, 19, 73
What are the prime factors of 1509?
3, 503
List the prime factors of 1118.
2, 13, 43
What are the prime factors of 11479?
13, 883
What are the prime factors of 109315?
5, 21863
What are the prime factors of 34764?
2, 3, 2897
What are the prime factors of 676?
2, 13
List the prime factors of 52462.
2, 17, 1543
What are the prime factors of 7908?
2, 3, 659
List the prime factors of 3269.
7, 467
List the prime factors of 3256.
2, 11, 37
List the prime factors of 24370.
2, 5, 2437
List the prime factors of 5742.
2, 3, 11, 29
List the prime factors of 25075.
5, 17, 59
What are the prime factors of 16176?
2, 3, 337
List the prime factors of 10780.
2, 5, 7, 11
List the prime factors of 5017.
29, 173
What are the prime factors of 9530?
2, 5, 953
List the prime factors of 23867.
29, 823
What are the prime factors of 4783?
4783
What are the prime factors of 31368?
2, 3, 1307
What are the prime factors of 686?
2, 7
List the prime factors of 31.
31
List the prime factors of 2871.
3, 11, 29
List the prime factors of 20677.
23, 29, 31
List the prime factors of 2004.
2, 3, 167
List the prime factors of 905.
5, 181
List the prime factors of 4115.
5, 823
What are the prime factors of 86505?
3, 5, 73, 79
List the prime factors of 56.
2, 7
List the prime factors of 1490.
2, 5, 149
List the prime factors of 549.
3, 61
List the prime factors of 1087.
1087
What are the prime factors of 30269?
30269
What are the prime factors of 199947?
3, 11, 73, 83
What are the prime factors of 4169?
11, 379
List the prime factors of 30896.
2, 1931
What are the prime factors of 11187?
3, 11, 113
List the prime factors of 40387.
40387
What are the prime factors of 7871?
17, 463
List the prime factors of 714.
2, 3, 7, 17
List the prime factors of 2548.
2, 7, 13
What are the prime factors of 12878?
2, 47, 137
What are the prime factors of 2560?
2, 5
List the prime factors of 1833.
3, 13, 47
List the prime factors of 8532.
2, 3, 79
List the prime factors of 47759.
163, 293
List the prime factors of 51065.
5, 7, 1459
What are the prime factors of 17557?
97, 181
List the prime factors of 1892.
2, 11, 43
What are the prime factors of 1132?
2, 283
List the prime factors of 6925.
5, 277
List the prime factors of 765.
3, 5, 17
List the prime factors of 165789.
3, 13, 109
What are the prime factors of 2694?
2, 3, 449
What are the prime factors of 1045?
5, 11, 19
List the prime factors of 99282.
2, 3, 16547
What are the prime factors of 158333?
7, 22619
List the prime factors of 473.
11, 43
List the prime factors of 1083.
3, 19
List the prime factors of 5138.
2, 7, 367
List the prime factors of 25721.
17, 89
List the prime factors of 250.
2, 5
List the prime factors of 33.
3, 11
What are the prime factors of 65070?
2, 3, 5, 241
What are the prime factors of 23591?
31, 761
List the prime factors of 124358.
2, 13, 4783
What are the prime factors of 1897?
7, 271
What are the prime factors of 2674?
2, 7, 191
List the prime factors of 9852.
2, 3, 821
List the prime factors of 5201.
7, 743
List the prime factors of 590.
2, 5, 59
List the prime factors of 6475.
5, 7, 37
What are the prime factors of 2500?
2, 5
What are the prime factors of 23966?
2, 23, 521
List the prime factors of 79062.
2, 3, 13177
What are the prime factors of 33102?
2, 3, 613
What are the prime factors of 376?
2, 47
List the prime factors of 401.
401
What are the prime factors of 1853?
17, 109
What are the prime factors of 92092?
2, 7, 11, 13, 23
What are the prime factors of 63025?
5, 2521
List the prime factors of 780.
2, 3, 5, 13
List the prime factors of 10192.
2, 7, 13
What are the prime factors of 757?
757
List the prime factors of 60677.
47, 1291
List the prime factors of 741.
3, 13, 19
What are the prime factors of 44964?
2, 3, 1249
List the prime factors of 19558.
2, 7, 11, 127
List the prime factors of 3586.
2, 11, 163
List the prime factors of 2899.
13, 223
List the prime factors of 950.
2, 5, 19
List the prime factors of 16999.
89, 191
List the prime factors of 6781.
6781
What are the prime factors of 6571?
6571
List the prime factors of 13465.
5, 2693
List the prime factors of 2968.
2, 7, 53
What are the prime factors of 6868?
2, 17, 101
What are the prime factors of 17382?
2, 3, 2897
List the prime factors of 204.
2, 3, 17
List the prime factors of 2077.
31, 67
List the prime factors of 7037.
31, 227
List the prime factors of 2197.
13
What are the prime factors of 4161?
3, 19, 73
What are the prime factors of 9951?
3, 31, 107
What are the prime factors of 4179?
3, 7, 199
What are the prime factors of 6305?
5, 13, 97
What are the prime factors of 45053?
45053
What are the prime factors of 975?
3, 5, 13
List the prime factors of 13400.
2, 5, 67
What are the prime factors of 22997?
13, 29, 61
List the prime factors of 157.
157
List the prime factors of 921.
3, 307
What are the prime factors of 1140?
2, 3, 5, 19
What are the prime factors of 93729?
3, 157, 199
What are the prime factors of 3332?
2, 7, 17
List the prime factors of 747.
3, 83
What are the prime factors of 872?
2, 109
List the prime factors of 4050.
2, 3, 5
What are the prime factors of 3518?
2, 1759
What are the prime factors of 1313?
13, 101
What are the prime factors of 2538?
2, 3, 47
What are the prime factors of 2183?
37, 59
List the prime factors of 1204.
2, 7, 43
What are the prime factors of 2228?
2, 557
List the prime factors of 4170.
2, 3, 5, 139
What are the prime factors of 28546?
2, 7, 2039
What are the prime factors of 9240?
2, 3, 5, 7, 11
What are the prime factors of 85026?
2, 3, 37, 383
What are the prime factors of 9272?
2, 19, 61
L